 + -1)*-4. Let u be ((-6)/j)/((-3)/20). Is -1*11/2*u composite?
True
Let n = 13062 + -9269. Is n a prime number?
True
Let z = 7932 + -3551. Is z a prime number?
False
Let q(a) = -6*a**3 - a**2 - 2*a - 2. Let w be q(-1). Let r be ((-33)/w)/(1/(-5)). Suppose -r = -j + 2*s - 9, 19 = j - 3*s. Is j a composite number?
True
Suppose 0 = 3*n - 38 + 14. Suppose -2416 + 12760 = n*h. Is h a composite number?
True
Let h(a) = -a**3 + 12*a**2 - 17*a - 5. Let l be h(12). Let q = -505 - l. Is (1 - q) + 6 + -4 a prime number?
False
Suppose -5*i - 11323 - 1773 = -4*b, -3*i = -2*b + 6548. Is b prime?
False
Let w(y) = 31*y**3 - 25*y**2 + 18*y - 297. Is w(17) a composite number?
True
Suppose -5*q - 44 - 81 = 0. Suppose -20*a - 25 = 15. Is a - 5/(q/1005) a prime number?
True
Suppose d - 4*t = 340, -5*d + 1408 = -d - 4*t. Let k = d - 35. Is k a composite number?
True
Let z(m) = 11214*m + 8. Let n be z(3). Suppose 0 = 9*u + u - n. Is u a composite number?
True
Suppose 4*a - 6*a = -8. Suppose -4*u + u - 2*h = -105, 5*u = -a*h + 177. Suppose w - u = -0*w. Is w a composite number?
True
Suppose -21677 = 18*i - 319019. Is i prime?
True
Let j = 2424 + -1559. Is j prime?
False
Suppose 1087 + 179 = 6*b. Is b a composite number?
False
Let r = -1077 - -1633. Let h = r + -257. Is h composite?
True
Suppose -b + 4 = 2. Let n(g) = g**3 - g**2 - 2. Let q be n(b). Is (8 - -5)*q/2 a prime number?
True
Suppose 4*x = -u + 144992, 3*x - 90598 = -3*u + 18155. Is x composite?
True
Let m(p) = p**3 - 20*p**2 + 20*p - 13. Let i be m(19). Suppose o + 1900 = i*o - w, -364 = -o - 3*w. Is o prime?
True
Let b = 9968 - 103. Is b prime?
False
Suppose 3 = 4*i - t, t - 13 = -i - 3*i. Suppose -i*s - 5*s + 56 = 0. Let g = 27 - s. Is g prime?
True
Let h be (18/(-8))/(5/20). Let z be (3/h)/((-2)/12). Suppose 6*q - 260 = z*q. Is q prime?
False
Let y = 8 + -4. Suppose y = 2*j - 8. Suppose -j*w + 185 = -w. Is w a prime number?
True
Suppose 17*c = 13*c. Suppose -3*v - 32 = r, -4*v = -c*r + r + 27. Let w = 121 + r. Is w prime?
False
Is 67*45 + -1 + 10 + -5 prime?
True
Suppose -14*s + 272155 + 72511 = 0. Is s a composite number?
True
Suppose 3*w + y + 5676 = 0, 2*w + 5*y + 5676 = -w. Let h = -907 - w. Is h a composite number?
True
Let a(l) = -8*l - 1. Let r be a(-3). Suppose -5*w - 2 = -5*n + r, 15 = -4*n - 3*w. Is (-23)/((-2)/10 + n) a composite number?
True
Let u = 90937 + -56268. Is u prime?
False
Let l be 644 - (2/(-6) - 2/(-6)). Suppose -5*a = -270 + 2235. Let z = a + l. Is z a prime number?
True
Suppose 3*n + 22 = 4*n. Suppose 0 = 5*g - 3*c - 321, -g + 0*g - 3*c + 57 = 0. Let z = n + g. Is z prime?
False
Let d be (-22)/(-4)*20/10. Suppose -2*p + d = -p. Suppose p = 5*m - 444. Is m a prime number?
False
Let h(i) be the first derivative of 13*i**3/3 + 19*i - 23. Is h(10) prime?
True
Let m be -326*((-30)/12)/5. Let j(s) = 83*s**2 + 1. Let u be j(1). Let x = m - u. Is x a prime number?
True
Let p(f) be the third derivative of 79*f**7/840 - f**6/720 - f**5/120 + 5*f**4/24 - 2*f**2. Let o(c) be the second derivative of p(c). Is o(-1) a prime number?
False
Let h(n) be the second derivative of 2*n**3/3 + n**2 + 17*n. Is h(14) a composite number?
True
Is (0 + 2)*-320451*(-14)/84 a prime number?
False
Suppose 4*z + 2*l - 5 = 1, -15 = -5*l. Suppose z = g - 0*g. Suppose g = 3*s + s + 5*j - 1154, -3*j = 6. Is s a composite number?
True
Let j = 280 + 104. Suppose -2*n + 2499 - j = s, 5*s + 5265 = 5*n. Suppose n = 5*a - 239. Is a a prime number?
False
Let x(s) be the second derivative of 25*s**3/6 + 2*s**2 - 18*s. Is x(7) prime?
True
Let q(z) = 381*z**2 + 3*z + 13. Is q(-3) a composite number?
False
Let x(p) = p**2 + 11*p - 9. Let q be x(-12). Suppose -2*a - 4*l - 219 = 107, q*l = -5*a - 801. Let w = a + 278. Is w composite?
True
Is (2344/16)/((-1)/(-2)) a prime number?
True
Is 2 + -5 - 330/(-15) composite?
False
Let t be (-1)/(-2 - 11/(-5)). Let n be (t/(5/(-7)))/1. Suppose -w + n = -26. Is w prime?
False
Let s(p) = -7*p + 62. Is s(-27) prime?
True
Let c(r) = -89061*r + 265. Is c(-2) prime?
False
Suppose -2*y + 5 = -1. Let u be (-3)/(((-36)/8)/y). Let g = 11 - u. Is g composite?
True
Is (((-2)/(-3))/2)/((-24)/(-235512)) a composite number?
False
Let i(t) = -t**3 + 9*t**2 - 2*t - 7. Let k be (-2)/7 + 38/(-14). Let a = 9 + k. Is i(a) composite?
False
Let s = -4 + 8. Let a = s + -1. Suppose -5*r + 363 = 2*o, -4*o + 61 = a*r - 168. Is r composite?
False
Let a = 11827 + -2138. Is a prime?
True
Is (-16)/24*35751/(-2) a composite number?
True
Suppose 0 = 1870*z - 1873*z + 15441. Is z a prime number?
True
Let m = -52620 + 77711. Is m a prime number?
False
Let s(w) = -24*w + 30. Let c be s(4). Let y = 145 + c. Is y composite?
False
Let x be 5*2/((-4)/(-2)). Let g(o) = -1231*o**3 - o**2 + o + 1. Let s be g(-1). Suppose 0 = x*m - 635 - s. Is m prime?
True
Let g(n) = 180*n - 15. Let j(w) = 36*w - 3. Let r(i) = 5*g(i) - 24*j(i). Is r(5) a prime number?
False
Suppose -4*j + 12 = -h, 4*j + 28 = 2*h + 9*j. Is h/(-7) + (30328/(-28))/(-2) composite?
False
Suppose -2*o + 36590 = 7*c - 4*c, 0 = 5*o - 4*c - 91521. Is o a composite number?
False
Suppose 0 = -2*t + 2*v + 16632, -4*t = -12*v + 13*v - 33269. Is t a prime number?
True
Let b(h) = -h**3 + 13*h**2 + 13*h + 5. Let f = 7 + 3. Let t be b(f). Let l = t - 54. Is l a composite number?
True
Suppose -9 = -3*s - 3*w, 4*s - 4*w - 12 = -9*w. Suppose 0*x - 2*x - 5*r = -523, -3*x + 732 = -s*r. Is x composite?
True
Suppose 8*y + 38644 = 12*y. Is y prime?
True
Let k(a) = -a**3 - 9*a**2 + 12*a + 10. Let q be k(-15). Suppose -7*m - q = -11*m. Is m a composite number?
True
Is (-1983104)/(-320) + 2/(-10) prime?
True
Let t = -7 + 9. Let f be (3 - t)*-4 + 3. Is (-752)/(-2) + (-1)/f composite?
True
Let m(h) = -h**3 + 10*h**2 + 8*h + 16. Suppose 5*u + 8 = 3*p, 0*p - 5*u = 4*p - 69. Let c be m(p). Let l = 248 - c. Is l composite?
True
Suppose 4*t = -0*y + y - 128, 5*y = -3*t - 119. Let r be (22/t)/((-1)/(-3)). Let o(w) = -3*w**3 - 2*w**2 - w + 1. Is o(r) a composite number?
False
Suppose -45*n - 10*n = -35255. Is n prime?
True
Let i(j) = -991*j - 255. Is i(-38) composite?
True
Suppose 8*y = 9*y + 14. Let c be 35/y*(-8)/10. Suppose 241 = 3*m - c*d, 3*m + 33 = d + 269. Is m composite?
True
Let n(j) = -2*j**2 + 25*j + 13. Let y be n(13). Suppose -5*d - 16 - 4 = 0, y = -2*w + 5*d + 190. Is w a composite number?
True
Suppose 0 = -t + 2*t + 2. Let r(g) = 16*g**2 - g + 2. Let f be r(t). Suppose -h - h = 2*i - f, 3*i + 2*h - 107 = 0. Is i a composite number?
True
Is (16374/(-4))/(-6*(-5)/(-260)) a prime number?
False
Let b(a) = a**3 + 2*a**2 - a - 2. Let d be b(-2). Suppose 5*y + 4*l + 12 = d, -5*y + 0*y + 3*l + 9 = 0. Suppose y*k - k = -131. Is k composite?
False
Is 3/(105/(-10)) - 738712/(-56) a prime number?
False
Let h(z) = z + 14. Let q be h(6). Suppose 5*c - 10 - q = 0. Is (-4)/(-6) + 710/c a composite number?
True
Suppose -5*c = -2*m - 1 - 3, 20 = 2*m + c. Suppose m*v - 2675 = -379. Is v prime?
False
Let u = 16961 - 10581. Let g = u + -3913. Is g a composite number?
False
Suppose -3*f = -w + 11351, 21 - 1 = 5*f. Is w composite?
True
Suppose 0 = -7*v + 10*v + 12. Is (36/(-8) - v) + 861/6 composite?
True
Suppose -7*z + 2*z = -80. Let q = z - 14. Suppose -5*x - 4 - 1 = 0, 991 = 3*o + q*x. Is o prime?
True
Suppose 5*v = 3*j + 49, -2*v = 2*j - 6*j - 42. Is ((-1304)/12)/(j/12) a prime number?
True
Let o = -15 + 19. Suppose -o*v = -t + 22, -t + 6*t = -3*v - 5. Suppose 3*a + t*a + w = 1264, -1009 = -4*a - 3*w. Is a prime?
False
Let t(d) = 1960*d - 153. Is t(12) a prime number?
False
Suppose -214*g + 7599 = -211*g. Is g a prime number?
False
Let g(f) = -6*f**3 + 2*f**2 + 3*f. Let n be g(-3). Suppose 482 = 5*r - 38. Let q = n - r. Is q a prime number?
True
Suppose -4*f + 19385 = -33779. Is f composite?
False
Suppose u = 4*n + 26, 0*n = -n - 5. Suppose -3*c - u = 0, -4*c = o - 3*c - 184. Suppose -3*b = -0*b - o. Is b prime?
False
Suppose 1 = -4*v + 13. Suppose -2*i = v*i + c - 17605, 5*c + 14084 = 4*i. Is i a prime number?
False
Let c(f) = f**2 - 4*f + 20. Let t be c(9). Let s = t + 144. Is s a prime number?
False
Let b be 3/2 - (-1)/2. Is (5 - 2) + b*14 a composite number?
False
Suppose -227*v + 117690 = -221*v. Is v composite?
True
Let q = 3 - 10. Let r be (-2)/7 + 614/q. Let c = 170 + r. Is c a composite nu